. Suppose -6 = 4*h - v. Let u(y) = y - 16. Determine u(h).
-6
Let c(o) be the first derivative of -o**4/4 - 7*o**3/3 - 7*o**2/2 + 6*o - 1. Suppose -11*r - 10 = 56. Determine c(r).
12
Let n be 0 + (-1)/(-3) + (-20)/(-3). Let h(v) = n*v + 2*v**2 - 5*v - 6*v - 6 - 3*v**2. Determine h(-4).
-6
Let w(p) be the second derivative of p**6/360 + p**5/120 - 11*p**3/6 + 7*p. Let n(j) be the second derivative of w(j). Give n(-1).
0
Let q(w) = w**3 - w**2 - 6*w + 5. Let u = 32 + -29. Let g be q(u). Let j(h) = -h**2 + 5*h + 2. Calculate j(g).
2
Let j(u) = -u**3 + 4*u**2 - 4*u + 3. Let n(p) = 14*p - 3. Let l be n(1). Let k = -9 + l. Give j(k).
3
Let a(j) = j**2 - 102 + 227 - j - 7*j - 6*j - 109. What is a(12)?
-8
Let g(c) be the first derivative of c**3 + 3*c**2 + 6*c - 11. Let n be g(-2). Let l(m) = m - 13. Calculate l(n).
-7
Let j(f) = 3*f - 67. Let c be j(22). Let y(l) = 9*l**3 + 3*l**2 + 2*l. Determine y(c).
-8
Let i(d) be the second derivative of -5/3*d**3 + 0 + 13*d + 3/2*d**2. Calculate i(2).
-17
Let x(t) = -23*t**2 - 22*t - 19. Let m(u) = -8*u**2 - 7*u - 6. Let c(h) = -8*m(h) + 3*x(h). Let o(i) = -i**2 - i - 1. Let r(f) = c(f) - 6*o(f). Calculate r(3).
-6
Suppose 3*g - 6 = 0, -2*g - 2 = -4*y - 3*g. Let x(v) = 0*v**3 + v - 8 - 6*v**2 + v**3 + y*v**2 + 2. Suppose z = -0*z + 2, 34 = 5*f + 2*z. Calculate x(f).
0
Let t(y) = y**3 - 14*y**2 + 12. Let r be t(14). Suppose 3*a + r = 0, -a - 7 - 3 = -3*i. Let j(f) = 2*f + 9 + i*f**2 - 3*f**2 - 4. Give j(5).
-10
Suppose 0 = u + 17 - 12. Let h(j) = -2*j + 15. Let t(f) = 3 + 1 + 4 - f. Let x(l) = 4*h(l) - 7*t(l). Determine x(u).
9
Suppose 2*s - 19 = -13. Let d(u) = -174*u + 4 + u**2 + u**s + 351*u - 176*u. Give d(0).
4
Suppose -2*q = 2*a - 8, 0 = 4*a - 2*a - q + 4. Let w(m) = -5*m + 4*m + 0*m + 3 + a. Determine w(6).
-3
Let p(z) be the second derivative of z**5/20 + z**4/4 - 7*z**3/6 - 3*z**2 - 3*z - 10. Give p(-5).
-21
Let a(m) be the second derivative of -1/120*m**5 + 0*m**4 + 7*m + 0 - 1/3*m**3 + 0*m**2. Let v(b) be the second derivative of a(b). Calculate v(2).
-2
Let d be ((-206)/(-309))/((-4)/(-30)). Let g(t) = -7*t**2 + 11*t - 5. Let u(w) = 4*w**2 - 6*w + 3. Let a(z) = -3*g(z) - 5*u(z). What is a(d)?
10
Let r(f) = 86093*f**3 - 4*f + 3*f**2 - 43043*f**3 + 2 - 43051*f**3. Let k = -2 + 4. Calculate r(k).
-2
Suppose -171*i = -176*i + 20. Let w(t) be the third derivative of 1/12*t**i + 0 - 1/3*t**3 + 0*t - 4*t**2. Give w(-2).
-6
Let h = -102 + 98. Let x(r) = r**3 + 5*r**2 - 3*r - 6. Determine x(h).
22
Let s(b) be the first derivative of b**6/360 + b**5/30 - b**4/24 - 23*b**3/3 - 13. Let r(k) be the third derivative of s(k). What is r(-5)?
4
Let k(o) = 3*o**3 - 2*o**2 - o + 2. Suppose -7 = 5*j - 2. Let v(s) = -s**3 - s**2 + s + 1. Let l(g) = j*k(g) - 2*v(g). Give l(3).
2
Suppose 0 = 5*x - 11 + 46. Let h(l) = -l + 1. Let j(z) = z - 9. Let s(g) = 2*h(g) + j(g). What is s(x)?
0
Suppose 3*r + 5*x = -25, -2*x = 6*r - 2*r + 10. Let u(h) = -53*h**2 - 5*h + h**3 + r + 49*h**2 + 6. Let f(o) = -o - 5. Let n be f(-10). What is u(n)?
6
Suppose 3*q = 25*q + q. Let v(f) = -f + 17. Calculate v(q).
17
Suppose -27 = 5*z + a, 3*a - 5*a + 6 = -2*z. Let i(p) be the first derivative of p + 1/2*p**2 + 4. Calculate i(z).
-4
Let b(p) = -p**2 + 6*p + 12. Suppose -2*j - 19*j = -168. What is b(j)?
-4
Let u(l) be the second derivative of -33*l + 0 + 1/6*l**3 - 15/2*l**2. What is u(14)?
-1
Let h be (4*4/(-8))/(-1). Let j(v) = -7*v**3 - 4*v**2 + v + 4. Let u(f) = 8*f**3 + 5*f**2 - f - 5. Let p(q) = 6*j(q) + 5*u(q). Give p(h).
-11
Let t(x) = x. Suppose 12*g = 267 - 231. What is t(g)?
3
Let m = 28 + -21. Let x(k) = 3*k + 2. Let g(p) = -6*p - 3. Let r(b) = m*x(b) + 4*g(b). Give r(3).
-7
Let b(o) = o - 1. Let s(k) = -5 - 2 + 4 + 2. Let j(i) = -b(i) + s(i). Let t = -4 + 6. Give j(t).
-2
Suppose 0 = -5*m + 4*h + 34, 7 = m - h - 0*h. Suppose -4*t - 4 = -6*t. Let u(s) = 7*s + 0*s**t - 33 - s**2 + 28. Give u(m).
1
Let y(t) = t + 14*t - 5 - 237*t**2 + 242*t**2 - t**3. Calculate y(7).
2
Let k(n) = -5*n. Let o(w) = -24*w - 1. Let z(g) = -11*k(g) + 2*o(g). Suppose -518 - 124 = 321*j. What is z(j)?
-16
Let s(l) = l**2 + 13*l + 14. Let j(u) = 27*u + 338. Let r be j(-13). Give s(r).
14
Let f(o) = -o. Let l(d) = 4*d + 1. Let n(b) = -2*f(b) - l(b). Let i = -19 + 13. Calculate n(i).
11
Let c(j) be the third derivative of 0*j + 3*j**2 + 1/24*j**4 + 0 + 1/3*j**3. What is c(-1)?
1
Let d be ((-4)/14)/(34/(-119)). Let r(y) = 26*y. Let u(p) = -9*p. Let q(w) = -3*r(w) - 8*u(w). Determine q(d).
-6
Suppose -4*s = 15*s - 57. Let n(y) = 6*y - 6. Give n(s).
12
Let b = 2 + -5. Let m be b*(-5 + 0)/(-5). Let c(i) = -i - i - 4 - 2*i. What is c(m)?
8
Let t(k) = -k**2 + 9*k - 10. Let b be (86/(-8))/(-4*4/(-64)). Let j = b - -50. Give t(j).
4
Let b(s) = -3*s**3 - s**2 + 29*s + 15. Let i(f) = -f**3 - 3*f**2 + 14*f + 7. Let p(q) = 2*b(q) - 5*i(q). Calculate p(12).
-5
Let z = 7 + -11. Let q(c) be the third derivative of -c**9/60480 - c**8/5040 + c**5/4 - 4*c**2. Let y(r) be the third derivative of q(r). Calculate y(z).
0
Let m = 9 - 5. Suppose w + m = 9. Let c(d) = 1 + 0 + d - 2. Give c(w).
4
Let p(t) = 41*t + 1053. Let c be p(-26). Let o(l) = 4*l + 23. Determine o(c).
-29
Suppose -4*z + 19 = -5. Suppose f = -0*f - z. Let k(p) = -11*p**3 - 11*p**2 + 4*p - 8. Let l(b) = 2*b**3 + b**2 - b. Let a(q) = k(q) + 5*l(q). What is a(f)?
-2
Let y(k) = -3*k**2 + 5*k**2 - 7*k - 5*k**2 + 8 - 2*k**2 + k**3. Let h(v) = -v**2 + 13*v - 16. Let z be h(11). Give y(z).
2
Let q be ((-6)/(-8))/3*(-360)/(-30). Let w(c) be the third derivative of 0*c + 0*c**3 + 1/24*c**4 + 0 + q*c**2. Determine w(5).
5
Let i be 6180/600 + 6/(-20). Let t(a) = 3*a - 25. Give t(i).
5
Let z be (18/(-54))/(2/(-78)) + -4. Let o(f) = f**3 - 9*f**2 - 4*f + 31. Give o(z).
-5
Let l be 3/6*8/1. Suppose -5*i = 0, -1 = -2*n + n + l*i. Let a(b) = 4 + 2 + 2*b**2 + b - n - b**2. Determine a(0).
5
Let z(s) be the second derivative of -s**5/4 + s**3/3 - s**2/2 - 36*s. Give z(1).
-4
Let n(v) = -v**3 + 17*v**2 - 13*v - 11. Suppose 13*g - 26*g + 208 = 0. What is n(g)?
37
Suppose 3*p - 9 = 3*v, 5*p = 3*v + 4*p + 9. Let w = v + 5. Let z(o) = -5 - o**3 + 62*o**w - 3*o - 1 + 1 - 56*o**2. Give z(5).
5
Let b(h) = -h**2 - 5*h + 6. Let o(j) = -3*j**2 - 14*j + 18. Let s(n) = 11*b(n) - 4*o(n). Calculate s(0).
-6
Suppose 3*y - 28 = -2*i, -y = 5*i + 4*y - 60. Suppose i*d - 4*d + 20 = 0. Let a(x) = x**2 + 7*x + 7. What is a(d)?
-3
Suppose -64 = -3*w + 4*q, 2*q = 2*w - 13 - 27. Suppose -2*l = -x - 16 + 4, -w = -4*l. Let y(j) = -j**3 - 4*j**2 + 3. Give y(x).
3
Let q be (3 - 0) + (3 - 3). Suppose -3 = -q*n + 2*w - 1, -2*n + 5*w - 17 = 0. Suppose n*m - 2*k = 2, 0 = -3*k - 2 - 1. Let z(g) = g + 9. What is z(m)?
9
Let j(z) = z - 2. Let b(h) = h - 3. Let m(r) = -2*b(r) + 3*j(r). Let a(w) = w + 1. Let p = -49 + 53. Let i(t) = p*m(t) - 5*a(t). Determine i(-5).
0
Let s = 127 - 136. Let x(g) = -g**3 - 9*g**2 - g + 2. Calculate x(s).
11
Suppose -5*n = -4*n - 4. Let p(v) = -6*v**2 + 0*v**2 + n*v**3 + 3 - 3*v**3 + 2*v**2. What is p(3)?
-6
Let m(s) = -9*s**3 + s**2 - 1. Suppose 3*q = -7 + 25. Suppose -3*a = 3*k - q, 3*k + 2*a = -0 + 10. Suppose k*f - f - 5 = 0. Determine m(f).
-9
Let o be 2/4*(-6)/3. Let u(b) be the third derivative of -b**4/2 - b**3/6 + b**2 + 235*b. Determine u(o).
11
Let p(i) be the first derivative of i**2 + i - 1. Suppose 13 + 3 = 8*a. Suppose j - 2*g - 13 = 4*j, 0 = a*j + g + 7. Give p(j).
-1
Let n(r) = r**2 - 8*r - 10. Let z(m) = m**2 - 9*m + 29. Let g be z(5). Determine n(g).
-1
Let s(b) = -2*b**2 - 6*b + 4. Let p(i) = i**2 - 31*i + 25. Let l be p(30). What is s(l)?
-16
Let q(l) = -l**2 - 6*l - 11. Let a be q(-4). Let p(t) = 1. Let o = -1 - 0. Let y(v) = 2*v + 2. Let b(s) = o*y(s) + 3*p(s). What is b(a)?
7
Let a(t) = -4*t + 12*t + 2 - 2. Let o be (-2 - -5)*(-4)/12. What is a(o)?
-8
Suppose 0 = b - 4*b + 3. Let x(i) be the third derivative of 3*i**5/10 - 3382*i**2. Calculate x(b).
18
Let k(o) = 27*o + 35*o + 27*o - 92*o - 6. What is k(5)?
-21
Let o(l) = -3*l**2 + l + 1. Let w(p) = 2*p**2 + 35*p - 19. Suppose d + 4*g = -2, -4*d + 0*d + 4*g = 88. Let x be w(d). What is o(x)?
-3
Let b be (140/1540)/(4/22)*0/2. Let j(y) = -5*y + 3. Let p(g) = -9*g + 6. Let f(m) = -11*j(m) + 6*p(m). Calculate f(b).
3
Let o(t) = -t. Let f(h) = 4*h + 2. Let r(q) = f(q